40012003 + 10?
-5140011553
In base 10, what is -47208719 + -5?
-47208724
In base 5, what is -4 - 3320001322?
-3320001331
In base 16, what is 2a - 179dc?
-179b2
In base 3, what is 201111012021 + -210?
201111011111
In base 10, what is -103 - -5888?
5785
In base 5, what is -21 + -3202443311?
-3202443332
In base 4, what is -123232 - 1010000013?
-1010123311
In base 12, what is 588421 - 15?
588408
In base 5, what is -4421200344 + 12?
-4421200332
In base 7, what is -325463 - -154?
-325306
In base 2, what is -1001100001001001110101100 - 101?
-1001100001001001110110001
In base 12, what is 3 + 265094a?
2650951
In base 14, what is 3174d05 + 4?
3174d09
In base 14, what is 8b0 + -b19a?
-a6ca
In base 12, what is 316655 + b5?
31674a
In base 9, what is 60042483 + 4?
60042487
In base 3, what is -1000122222 - -112010?
-1000010212
In base 7, what is 1103500 + -23?
1103444
In base 5, what is 20 + -4034314123?
-4034314103
In base 2, what is -10000010110011 + 10010001?
-10000000100010
In base 14, what is 937 + 110b3?
11a0a
In base 9, what is 2 - -34708127?
34708130
In base 3, what is -1 - -11021000021111020?
11021000021111012
In base 9, what is -764 - 155173?
-156047
In base 16, what is 1ad3f + -75?
1acca
In base 6, what is -2 - -25551102243?
25551102241
In base 13, what is -32131 - -177?
-31c87
In base 8, what is 7 - -133253637?
133253646
In base 15, what is 5c363 + -578?
5bcda
In base 7, what is -411541 - -53?
-411455
In base 14, what is c3 - -1c965?
1ca48
In base 7, what is -2133 - -53206?
51043
In base 10, what is -22477309 - -3?
-22477306
In base 8, what is 3261412 - 42?
3261350
In base 4, what is 110132120231 + -2?
110132120223
In base 5, what is 243223 - -22204?
320432
In base 5, what is 43132411 - 24?
43132332
In base 6, what is 5 - 21135544?
-21135535
In base 3, what is -202011020121 - -10?
-202011020111
In base 2, what is 1000011111010101110 + -1111010001?
1000011101011011101
In base 5, what is -2410223 + -14022?
-2424300
In base 15, what is 25 + 60153?
60178
In base 7, what is -1106211 + 165?
-1106013
In base 10, what is -2886505 - -2?
-2886503
In base 5, what is 31401 - 121034242?
-121002341
In base 10, what is 598 - 1055381?
-1054783
In base 10, what is 405841 - 957?
404884
In base 15, what is -1318 + 15be2?
148c9
In base 8, what is -50 + 1676343?
1676273
In base 12, what is 15 - 9aa58?
-9aa43
In base 15, what is bb7c5 + 18?
bb7dd
In base 15, what is -1d - -10ddc9?
10ddab
In base 8, what is -6377 - 526?
-7125
In base 16, what is -225515 - 1?
-225516
In base 8, what is -1134453 - -3?
-1134450
In base 3, what is 200 - -2222010121?
2222011021
In base 2, what is 1111111001000111 - 1000110?
1111111000000001
In base 7, what is 5661 - 65140?
-56146
In base 6, what is -540 - -1125341?
1124401
In base 15, what is -4 + 1d5de196?
1d5de192
In base 6, what is -314 - -1055321?
1055003
In base 11, what is 2 + -36534a7?
-36534a5
In base 15, what is 4 + 3e1?
3e5
In base 7, what is -330124016 + -5?
-330124024
In base 11, what is -165a5 - -851?
-15854
In base 13, what is 2cc083 - 6?
2cc07a
In base 9, what is 27646 - -60?
27716
In base 3, what is 1122120101222021 + -2?
1122120101222012
In base 2, what is -1001010 - 100011100010010001000?
-100011100010011010010
In base 5, what is 44 + 322022142?
322022241
In base 7, what is 30 + -151266?
-151236
In base 15, what is -3b98db - -2?
-3b98d9
In base 6, what is 13235434 - -4?
13235442
In base 15, what is -6003d353 - -3?
-6003d350
In base 16, what is f8e2 - -16f1?
10fd3
In base 5, what is -1 + 121123014321?
121123014320
In base 2, what is 1 - -101000110000101101101?
101000110000101101110
In base 5, what is 4124333423 - -4?
4124333432
In base 10, what is -9 + -215647?
-215656
In base 4, what is 1131013 + -23202332?
-22011313
In base 15, what is 1e + 147158?
147177
In base 2, what is 101001000100011011 - -10011101?
101001000110111000
In base 8, what is 2204 - -157416?
161622
In base 13, what is -46a946 + -a1?
-46aa17
In base 15, what is b - 554d89?
-554d7d
In base 16, what is -2 + 1342eb?
1342e9
In base 14, what is -1cb45392 - 2?
-1cb45394
In base 4, what is 1333030313 + -13203?
1333011110
In base 5, what is 244 + 1102234130?
1102234424
In base 14, what is 4c85 + -2577?
270c
In base 6, what is -312044055 + -54?
-312044153
In base 13, what is 85 - -2733b?
273c3
In base 12, what is -2b + -66675?
-666a4
In base 10, what is -1 - -6310417?
6310416
In base 12, what is 12 + -4ab11?
-4aabb
In base 2, what is 110100100110000110111001111111 + -100?
110100100110000110111001111011
In base 9, what is -14186608 + 3?
-14186605
In base 11, what is 1 + 2436364?
2436365
In base 3, what is 202000212110 - -211?
202000220021
In base 14, what is 20 - 1cd8c?
-1cd6c
In base 11, what is -830 + 16070?
15340
In base 9, what is -184 - 123071?
-123265
In base 7, what is -522 - -3021462?
3020640
In base 3, what is 2220001221022 + 112?
2220001221211
In base 8, what is 711105141 - -2?
711105143
In base 11, what is 559 - 12332?
-11884
In base 9, what is -851064 - 66?
-851141
In base 16, what is 0 - -2e7c79?
2e7c79
In base 8, what is 1724 + 5175?
7121
In base 3, what is -112111211 + 10100210?
-102011001
In base 10, what is -5 - -356468?
356463
In base 7, what is -4 - 122133660?
-122133664
In base 14, what is bc12b - 27d?
bbc8c
In base 3, what is 2020 + -22222011102?
-22222002012
In base 8, what is -1050551 - 7?
-1050560
In base 14, what is 16dc85b - 2?
16dc859
In base 9, what is -127627 - -240?
-127377
In base 10, what is -1105472 - 15?
-1105487
In base 4, what is -2111122232320 + 23?
-2111122232231
In base 11, what is -133780998 - 0?
-133780998
In base 7, what is -6064 + 5445?
-316
In base 10, what is -10 - 940986?
-940996
In base 11, what is -2 - 1278a8a7?
-1278a8a9
In base 6, what is -545331 + 4443?
-540444
In base 4, what is -3100132121013323 - -3?
-3100132121013320
In base 4, what is -1332220101 + -11?
-1332220112
In base 9, what is 11 - 3404382?
-3404371
In base 8, what is -11647 - 273?
-12142
In base 16, what is -a0 - -2bdf?
2b3f
In base 11, what is -32755769 - -3?
-32755766
In base 15, what is 67 - 97525?
-974ad
In base 6, what is -12221 + 33404?
21143
In base 6, what is -4 + -1214423025?
-1214423033
In base 14, what is -449 - da48?
-10093
In base 11, what is 17 - 97a8539?
-97a8522
In base 13, what is 18262 + 14?
18276
In base 10, what is -6847 - -3316?
-3531
In base 4, what is -3 + 12013111112310?
12013111112301
In base 10, what is 46 + -9531790?
-9531744
In base 8, what is 71406757 + -2?
71406755
In base 2, what is -11100 + 1010101110001101001?
1010101110001001101
In base 12, what is 3700257b - 4?
37002577
In base 9, what is -5116 + -328431?
-334547
In base 16, what is -4 + 2d451c8?
2d451c4
In base 4, what is 3123 - -3100103?
3103232
In base 13, what is -61 - 7882?
-7913
In base 10, what is 1 - 260272?
-260271
In base 3, what is -210000111210021211 + 11?
-210000111210021200
In base 14, what is 3 - -365b369?
365b36c
In base 13, what is -b13 - 2c29b?
-300b1
In base 15, what is 2d63a + -4?
2d636
In base 5, what is 12331303 - 231?
12331022
In base 11, what is -4 - -737223?
73721a
In base 4, what is 1 - 11321210332322?
-11321210332321
In base 14, what is -5a + 12856?
127da
In base 3, what is -121012122011121212 + 10?
-121012122011121202
In base 11, what is -aa5 - 60067?
-61061
In base 14, what is -1748857 - 14?
-174886b
In base 9, what is -21601 - 115?
-21716
In base 10, what is 4 - 3277847?
-3277843
In base 4, what is 32131 + -2102322?
-2010131
In base 3, what is -10202011 + -202111211?
-220020222
In base 9, what is -4 + 128786?
128782
In base 6, what is -12 - -152540232?
152540220
In base 7, what is 25 + 252536463?
252536521
In base 16, what is 32a + -42f5?
-3fcb
In base 15, what is 5 - -73be13?
73be18
In base 6, what is -5130 - 4155?
-13325
In base 12, what is 35ab - 1177?
2434
In base 8, what is -110 - -13065212?
13065102
In base 6, what is 132241 + -345155?
-212514
In base 15, what is -4d8dcb8 - 0?
-4d8dcb8
In base 9, what is -286 - 73285?
-73582
In base 2, what is -101000110 - -110001010011111?
110000101011001
In base 8, what is -34 - -2363664?
2363630
In base 9, what is -11455456 + -10?
-11455466
In base 14, what is -ab0c + b?
-ab01
In base 2, what is 1010001010000 - 1010001101?
1000111000011
In base 2, what is -101011010001000001111000 - 10?
-1010